{"id":20,"date":"2017-05-01T22:41:35","date_gmt":"2017-05-01T20:41:35","guid":{"rendered":"http:\/\/localhost:8888\/wordpress%202\/?page_id=20"},"modified":"2023-09-17T12:42:39","modified_gmt":"2023-09-17T10:42:39","slug":"ou-nous-trouver","status":"publish","type":"page","link":"https:\/\/www.libergotherapie.fr\/index.php\/ou-nous-trouver\/","title":{"rendered":"O\u00f9 nous trouver ?"},"content":{"rendered":"<p style=\"text-align: center;\"><strong>Adresse du Cabinet :<\/strong><\/p>\n<p style=\"text-align: center;\">71 avenue Jean Jaur\u00e8s<br>78500 Sartrouville<\/p>\n\n\n<div class=\"wp-block-group alignfull\">\n<iframe style=\"height:600px; width:800px\" src=\"https:\/\/www.google.com\/maps\/embed?pb=!1m18!1m12!1m3!1d2620.7676231397027!2d2.156074815752818!3d48.938867702990706!2m3!1f0!2f0!3f0!3m2!1i1024!2i768!4f13.1!3m3!1m2!1s0x47e663d7bbdf150b%3A0xbe60c6f326d5ec74!2s71%20Avenue%20Jean%20Jaur%C3%A8s%2C%2078500%20Sartrouville!5e0!3m2!1sfr!2sfr!4v1605653411400!5m2!1sfr!2sfr\" width=\"600\" height=\"450\" margin=\"0 auto\" frameborder=\"0\" style=\"border:0;\" allowfullscreen=\"\" aria-hidden=\"false\" tabindex=\"0\"><\/iframe>\n\n\n<p><!-- \/wp:group --><\/p>\n<p><!-- wp:paragraph {\"align\":\"center\"} --><\/p>\n<p class=\"has-text-align-center\"><strong>Zone d&rsquo;intervention<\/strong> :<\/p>\n<p><!-- \/wp:paragraph --><\/p>\n<p><!-- wp:paragraph {\"align\":\"center\"} --><\/p>\n<p class=\"has-text-align-center\">Boucle de la Seine \u00e0 savoir : Sartrouville, Houilles, Carri\u00e8res Sur Seine, Chatou, Montesson, Maisons Laffitte et Le Mesnil Le Roi<\/p>\n<p><!-- \/wp:paragraph --><\/p>\n<p><!-- wp:paragraph {\"align\":\"center\"} --><\/p>\n<p class=\"has-text-align-center\"><strong>Contact :<\/strong><\/p>\n<p><!-- \/wp:paragraph --><\/p>\n<p><!-- wp:paragraph {\"align\":\"center\"} --><\/p>\n<p class=\"has-text-align-center\">Priscilla Vaquette<br \/>tel : 0.6.65.26.32.54<br \/>email : libe.ergo@gmail.com<\/p>\n<p><!-- \/wp:paragraph --><\/p>","protected":false},"excerpt":{"rendered":"<p>Adresse du Cabinet : 71 avenue Jean Jaur\u00e8s78500 Sartrouville Zone d&rsquo;intervention : Boucle de la Seine \u00e0 savoir : Sartrouville, Houilles, Carri\u00e8res Sur Seine, Chatou, Montesson, Maisons Laffitte et Le Mesnil Le Roi Contact : Priscilla Vaquettetel : 0.6.65.26.32.54email :<\/p>\n","protected":false},"author":1,"featured_media":0,"parent":0,"menu_order":0,"comment_status":"closed","ping_status":"closed","template":"","meta":[],"_links":{"self":[{"href":"https:\/\/www.libergotherapie.fr\/index.php\/wp-json\/wp\/v2\/pages\/20"}],"collection":[{"href":"https:\/\/www.libergotherapie.fr\/index.php\/wp-json\/wp\/v2\/pages"}],"about":[{"href":"https:\/\/www.libergotherapie.fr\/index.php\/wp-json\/wp\/v2\/types\/page"}],"author":[{"embeddable":true,"href":"https:\/\/www.libergotherapie.fr\/index.php\/wp-json\/wp\/v2\/users\/1"}],"replies":[{"embeddable":true,"href":"https:\/\/www.libergotherapie.fr\/index.php\/wp-json\/wp\/v2\/comments?post=20"}],"version-history":[{"count":15,"href":"https:\/\/www.libergotherapie.fr\/index.php\/wp-json\/wp\/v2\/pages\/20\/revisions"}],"predecessor-version":[{"id":184,"href":"https:\/\/www.libergotherapie.fr\/index.php\/wp-json\/wp\/v2\/pages\/20\/revisions\/184"}],"wp:attachment":[{"href":"https:\/\/www.libergotherapie.fr\/index.php\/wp-json\/wp\/v2\/media?parent=20"}],"curies":[{"name":"wp","href":"https:\/\/api.w.org\/{rel}","templated":true}]}}